 - (3 - 5)?
3
Let i(k) = -k + 10. Let p be i(8). What is the tens digit of ((-6)/p + 0)*-9?
2
Let g(p) = p + 2. Let i = 0 + 6. What is the units digit of g(i)?
8
Suppose 4*w = -z + 211, 0*w + 4*w = -5*z + 191. What is the units digit of w?
4
Let i = 2 + -6. Let t = 54 + -30. Let x = t + i. What is the units digit of x?
0
Let d = 19 - 13. Suppose -5*w = -9 - d. What is the units digit of w?
3
Let j = 0 + 10. Let y = 11 - j. What is the units digit of y?
1
Let l(a) = a**2 + 5*a + 6. Suppose -6 - 4 = 2*h. What is the units digit of l(h)?
6
Let c(l) = l + 22. Let h = 4 - -13. What is the tens digit of c(h)?
3
Let a be (16/24)/(2/9). Suppose a*v + u - 63 = 0, 3*u = 4*u. What is the tens digit of v?
2
Suppose 0 = -14*g + 9*g + 100. What is the units digit of g?
0
Let d(n) = n**3 + 6*n**2 - 6*n + 7. Let s be d(-7). Let b = s + 2. What is the units digit of b?
2
Let m(v) = 2*v**3 - 4*v**2 + 5*v - 6. What is the units digit of m(4)?
8
Let x = -10 + 15. Suppose -o - 2*a + 33 = 0, -70 = -2*o - a + x. Suppose -4*k = -25 - o. What is the units digit of k?
6
Let j(k) = -k**3 - 6*k**2 - 7*k - 3. Let t be j(-5). Let v = t + -4. Suppose 4*s - 16 = 0, 0 = 2*r - s - v*s - 12. What is the units digit of r?
4
Suppose z - 5*r - 102 = 0, 3*r - 252 = -2*z - z. What is the units digit of z?
7
Let i = 91 - 59. Suppose -4*h + 3*h + 5*v + i = 0, -5*h = -4*v - 97. What is the units digit of h?
7
Suppose -b + 0*b + 73 = 0. Suppose -4*q + b = 4*j + 9, q = 2. What is the units digit of j?
4
Let k be 6*(0/(-1) - -1). Suppose -10 = o - k*o. What is the units digit of -14*(o - 5/2)?
7
What is the units digit of (3 - (15 - 1))*8/(-2)?
4
What is the tens digit of 42/8 + -5 + (-1150)/(-8)?
4
Suppose 9 = n - 20. What is the tens digit of n?
2
Let i(w) = 4 + 2*w + 4*w - 1 - 2. What is the units digit of i(3)?
9
Suppose -2*n - 3*r - 25 = 0, 0 = 4*n - r + 29. Let v = n - -8. Suppose -4*m + 3 + 5 = v. What is the units digit of m?
2
Let s(a) = 3 - a + a**3 - 5*a**2 + 7*a**2 + 4*a**2 + 3. What is the units digit of s(-6)?
2
Let k = -3 + 8. Suppose 5 = 3*j - z + 6*z, 0 = -4*j - k*z + 5. Suppose 2*h - 2 = -j. What is the units digit of h?
1
Let g = 607 + -402. What is the units digit of g?
5
Let n(o) = o**3 - 13*o**2 + 20*o. What is the tens digit of n(12)?
9
Let s be (-4)/18 + 356/(-18). What is the units digit of ((-40)/(-6))/(s/(-30))?
0
What is the units digit of ((-222)/(-24))/((-2)/(-8))?
7
Let p be (-5)/(-10)*(0 - 8). What is the tens digit of -38*2/p*1?
1
Let m = 47 - 30. Suppose 3*c + 0 - m = -q, 5*c = -4*q + 96. What is the tens digit of q?
2
Suppose -4 - 1 = -v - 3*n, 2*v + 5*n - 9 = 0. Suppose -9 + 3 = -v*q. What is the units digit of q?
3
What is the tens digit of (2 - 241)*(-8 - -7)?
3
Let f(l) = 3*l**2 + 4*l - 3. What is the tens digit of f(-4)?
2
Suppose c - 3*t - 8 = -3*c, 0 = -2*c + 5*t - 10. Suppose 0 = -c*u + i - 0*i - 10, -5*u - 10 = 3*i. What is the units digit of -1 + (u - -1 - -6)?
4
Suppose -2*u + m + 14 = 0, m + 34 = 5*u - m. What is the units digit of u?
6
Let x be (-16)/(-12)*6/2. Suppose -3*s + 45 = 5*c - 0*s, 26 = c + x*s. What is the units digit of c?
6
What is the tens digit of 38/(-4 + 6) - 1?
1
Let r(f) be the first derivative of f**3 + f - 3. Let y be r(-1). What is the tens digit of -22*1*(-2)/y?
1
Let c(q) = 46*q - 4. What is the units digit of c(3)?
4
Let b(m) = m**3 - 5*m**2 - 6*m + 6. Let r be b(6). Suppose y - 4 = -3*d, -5*d = -4*y + r*y - 9. What is the units digit of y?
7
Let s = 10 - 7. Suppose -s = -p + 11. What is the units digit of p?
4
Suppose -5*p + 6*h = h - 200, -4*p + 5*h = -161. What is the tens digit of p?
3
Let g(t) = 7*t + 1. Let r be g(2). Suppose r = -7*c + 12*c. What is the units digit of c?
3
Let a = 33 - 2. What is the tens digit of a?
3
Let d(j) = -j**3 + 3*j**2 + 6*j - 5. Let o(p) = -p**3 + 7*p**2 - 6*p + 4. Let s be o(6). Let r be d(s). What is the tens digit of (11/(-3))/((-1)/r)?
1
Let s be ((-1)/2)/(1/14). Let q be (-1)/2 - s/2. Suppose -u + 6*u - 9 = -4*o, 2*o = 5*u - q. What is the units digit of o?
1
Let w = 18 + -8. What is the tens digit of w?
1
Suppose -12 = 4*s, 2*q - 9 = 2*s + 25. Suppose 4*i - q = 42. What is the tens digit of i?
1
Suppose 92 - 342 = -5*s. Let x be s/(-1 - 1)*1. Let n = x - -36. What is the units digit of n?
1
Suppose -4*k = 3*c - 60, 0 = -4*c + 18 - 2. Suppose -k*i + 155 = -7*i. What is the tens digit of i?
3
Let f(z) = -48*z + 3. What is the units digit of f(-2)?
9
Let w(x) = 133*x**3 + 2*x**2 - 3*x + 1. What is the units digit of w(1)?
3
Let t = -15 + 9. What is the units digit of t/4*20/(-3)?
0
Let f(b) = -2*b**2 + 8*b - 19. Let h(a) = -a**2 + 4*a - 9. Let x(p) = 2*f(p) - 5*h(p). Let v be x(5). What is the units digit of (-1 + (-21)/v)*-4?
1
Suppose 2*q + 5*c = -149, -4*q = -8*q + 2*c - 238. Let y = -37 - q. What is the tens digit of y?
2
Suppose 2*o = 3*o - 2. Let p be ((-2)/3)/(o/3). What is the units digit of p - (-3)/((-6)/(-22))?
0
Suppose -4*r - j + 146 = 0, -45 = -2*r - 5*j + 37. What is the units digit of r?
6
Suppose -4*q + q = -t + 23, -3*q = 2*t - 10. Let x = t - 8. What is the units digit of (x/6)/((-1)/(-2))?
1
Suppose -62 = 5*v - 4*k - 397, v = 4*k + 67. What is the tens digit of v?
6
Let z(l) = -5*l - 4. Let y(v) = -6*v - 4. Let f(k) = -4*y(k) + 5*z(k). What is the units digit of f(-6)?
2
Suppose 4*a - a - 1053 = 0. What is the tens digit of a?
5
Let t(u) = u**3 + 10*u**2 + 7*u - 6. Let m be t(-9). Suppose -d + 5*d = m. What is the units digit of d?
3
Let s be (0 - -1)*(0 + 4). Suppose -2*x = 5*i - i - 2, 5*i + s*x - 4 = 0. Let u = i + 1. What is the units digit of u?
1
Let c be (-2 - -192) + -2 + 4. Suppose -5*l + c = -l. Suppose l = 5*d - 22. What is the units digit of d?
4
Suppose 8*s = 74 + 494. What is the tens digit of s?
7
Suppose -w - 5*a = -23, -w + 5*a - 11 = 2*w. Suppose 3*u - 9 = 0, w*l = 3*u - 5 - 1. Let j = l + 10. What is the tens digit of j?
1
Suppose -3*n - 101 = -t, -2*t - t + 2*n = -310. What is the hundreds digit of t?
1
Suppose 3*n + 4*b = 165, 5*n - 4*b + b = 275. Let g be (-2 - 0)/(4/74). Let v = n + g. What is the units digit of v?
8
Let b = 2 + 17. Let a = 1 + b. What is the units digit of a?
0
Let p(z) = 3*z**2 + 2*z - 23. What is the tens digit of p(6)?
9
What is the tens digit of 181 + (4 + -3)*-1?
8
Let v(j) = j**3 - j**2 - j + 8. Let z be v(0). Suppose -2*g + 8 + z = 0. Suppose 5*k = 28 - g. What is the units digit of k?
4
Let m(g) = g**2 + 6*g. Let b be m(-6). Suppose -4*o - 50 = -2*l, b*l = 2*l + 4*o - 18. What is the tens digit of l?
1
Let i(n) = -2*n + 1. What is the tens digit of i(-7)?
1
Let i = -5 + 28. What is the units digit of i?
3
Suppose -3*h = -0 - 12. Suppose -j + 13 + 9 = -5*x, -h = x. Suppose -2*m = -3*l - 21, 0 = 3*m - l - 26 - j. What is the units digit of m?
9
Let p = 23 + -38. What is the units digit of -4 - -2*p/(-6)?
1
Suppose -6 = -n - 5*o, -n + 3*o = 2*n. Let m = 2 - n. What is the units digit of m?
1
Suppose 4*w - 5*w + 1 = 0. What is the units digit of (w/(-3))/(2/(-12))?
2
Let c = -149 - -297. What is the units digit of c?
8
Let a(t) = t + 21. Suppose -2*u = 13 + 7. What is the tens digit of a(u)?
1
What is the tens digit of 50*(-1)/(20/(-16))?
4
Suppose 4*f - 5 = 23. Suppose -3*t - 1 + f = 0. Suppose 0 = -2*z - 6*u + t*u, -4*z = -4*u - 12. What is the units digit of z?
2
Suppose -i = -6*i + 3*v, -5*i = -2*v - 5. What is the units digit of i?
3
Let y be (-8 - -5)*4/(-6). Suppose 7 + 43 = y*h. What is the tens digit of h?
2
Let g = 60 - 27. Suppose 4*i - g = 15. What is the tens digit of i?
1
Suppose 0 = -6*u + 11*u - 340. What is the tens digit of u?
6
Suppose 3*u + 2*u - 230 = 0. What is the tens digit of u?
4
Let a = 8 + 7. What is the units digit of a?
5
What is the units digit of (-94)/(-4)*(-15 + 17)?
7
Let c(v) = 5*v**3 + 7*v**2 + v + 7. Let n(r) = 14*r**3 + 20*r**2 + 3*r + 20. Let z(w) = 17*c(w) - 6*n(w). What is the units digit of z(3)?
4
Suppose 4 = 2*r - 2. Let w(a) = 0*a + 3 + 14 + r*a - 2*a. What is the units digit of w(-9)?
8
Let d = -12 - -16. Let w = 5 + d. What is the units digit of w?
9
Let y(f) = -f**3 + 6*f**2 + 3. Let t be y(6). Suppose o = -7*g + 3*g + 9, -t*g = -3*o - 3. Suppose 0*l = -g*l + 6. What is the units digit of l?
3
Let r(n) = -27*n - 7. What is the tens digit of r(-2)?
4
Suppose 82 = 2